 divided by 4?
1
What is the remainder when 102 is divided by 35?
32
What is the remainder when 8098 is divided by 45?
43
What is the remainder when 446 is divided by 112?
110
What is the remainder when 106 is divided by 44?
18
What is the remainder when 263 is divided by 53?
51
Calculate the remainder when 134 is divided by 15.
14
What is the remainder when 4090 is divided by 4?
2
Calculate the remainder when 1211 is divided by 15.
11
What is the remainder when 1614 is divided by 270?
264
What is the remainder when 843 is divided by 39?
24
What is the remainder when 166 is divided by 84?
82
Calculate the remainder when 389 is divided by 10.
9
Calculate the remainder when 670 is divided by 87.
61
Calculate the remainder when 126 is divided by 83.
43
Calculate the remainder when 241 is divided by 11.
10
Calculate the remainder when 299 is divided by 103.
93
What is the remainder when 21179 is divided by 60?
59
Calculate the remainder when 3188 is divided by 76.
72
Calculate the remainder when 432 is divided by 49.
40
What is the remainder when 46 is divided by 24?
22
What is the remainder when 5443 is divided by 68?
3
Calculate the remainder when 149 is divided by 30.
29
What is the remainder when 85 is divided by 42?
1
What is the remainder when 1811 is divided by 585?
56
Calculate the remainder when 530 is divided by 41.
38
What is the remainder when 61 is divided by 29?
3
Calculate the remainder when 323 is divided by 283.
40
What is the remainder when 38 is divided by 3?
2
What is the remainder when 189 is divided by 4?
1
What is the remainder when 886 is divided by 39?
28
Calculate the remainder when 1062 is divided by 527.
8
Calculate the remainder when 6478 is divided by 31.
30
Calculate the remainder when 29 is divided by 10.
9
Calculate the remainder when 4503 is divided by 41.
34
Calculate the remainder when 1624 is divided by 91.
77
What is the remainder when 593 is divided by 583?
10
Calculate the remainder when 1982 is divided by 31.
29
What is the remainder when 273 is divided by 76?
45
What is the remainder when 2525 is divided by 3?
2
Calculate the remainder when 106 is divided by 4.
2
What is the remainder when 165 is divided by 42?
39
What is the remainder when 8 is divided by 6?
2
Calculate the remainder when 1545 is divided by 97.
90
Calculate the remainder when 269 is divided by 13.
9
What is the remainder when 1997 is divided by 14?
9
What is the remainder when 63 is divided by 48?
15
What is the remainder when 8005 is divided by 50?
5
What is the remainder when 348 is divided by 16?
12
Calculate the remainder when 58 is divided by 9.
4
Calculate the remainder when 356 is divided by 36.
32
What is the remainder when 701 is divided by 199?
104
What is the remainder when 7537 is divided by 130?
127
Calculate the remainder when 100 is divided by 3.
1
Calculate the remainder when 51046 is divided by 72.
70
What is the remainder when 26 is divided by 4?
2
Calculate the remainder when 124 is divided by 14.
12
What is the remainder when 459 is divided by 14?
11
What is the remainder when 740 is divided by 362?
16
Calculate the remainder when 53 is divided by 9.
8
Calculate the remainder when 1762 is divided by 126.
124
What is the remainder when 98 is divided by 91?
7
What is the remainder when 1035 is divided by 61?
59
What is the remainder when 54 is divided by 22?
10
Calculate the remainder when 421 is divided by 2.
1
Calculate the remainder when 5579 is divided by 62.
61
Calculate the remainder when 406 is divided by 140.
126
Calculate the remainder when 464 is divided by 26.
22
Calculate the remainder when 686 is divided by 115.
111
Calculate the remainder when 323 is divided by 131.
61
What is the remainder when 858 is divided by 12?
6
What is the remainder when 43 is divided by 17?
9
What is the remainder when 516 is divided by 39?
9
What is the remainder when 319 is divided by 27?
22
Calculate the remainder when 204 is divided by 18.
6
Calculate the remainder when 19221 is divided by 14.
13
Calculate the remainder when 2737 is divided by 60.
37
Calculate the remainder when 3332 is divided by 115.
112
Calculate the remainder when 135 is divided by 17.
16
Calculate the remainder when 33 is divided by 14.
5
What is the remainder when 1485 is divided by 158?
63
Calculate the remainder when 278 is divided by 46.
2
Calculate the remainder when 165 is divided by 57.
51
What is the remainder when 331 is divided by 161?
9
Calculate the remainder when 127 is divided by 33.
28
What is the remainder when 149 is divided by 3?
2
What is the remainder when 163 is divided by 100?
63
Calculate the remainder when 205 is divided by 19.
15
Calculate the remainder when 202 is divided by 33.
4
Calculate the remainder when 2445 is divided by 1216.
13
Calculate the remainder when 86 is divided by 30.
26
What is the remainder when 2444 is divided by 16?
12
Calculate the remainder when 168 is divided by 59.
50
Calculate the remainder when 69 is divided by 68.
1
Calculate the remainder when 290 is divided by 33.
26
Calculate the remainder when 694 is divided by 96.
22
What is the remainder when 269 is divided by 18?
17
What is the remainder when 163 is divided by 15?
13
What is the remainder when 1344 is divided by 18?
12
What is the remainder when 98 is divided by 91?
7
Calculate the remainder when 479 is divided by 48.
47
What is the remainder when 1596 is divided by 31?
15
Calculate the remainder when 1326 is divided by 8.
6
Calculate the remainder when 269 is divided by 58.
37
What is the remainder when 37 is divided by 17?
3
What is the remainder when 121 is divided by 14?
9
Calculate the remainder when 1202 is divided by 283.
70
What is the remainder when 7768 is divided by 74?
72
Calculate the remainder when 98 is divided by 53.
45
Calculate the remainder when 891 is divided by 149.
146
Calculate the remainder when 247 is divided by 29.
15
What is the remainder when 91 is divided by 9?
1
What is the remainder when 126 is divided by 37?
15
What is the remainder when 674 is divided by 21?
2
What is the remainder when 152 is divided by 66?
20
Calculate the remainder when 1294 is divided by 72.
70
Calculate the remainder when 13152 is divided by 5.
2
What is the remainder when 229 is divided by 192?
37
What is the remainder when 25181 is divided by 15?
11
Calculate the remainder when 30 is divided by 5.
0
What is the remainder when 714 is divided by 139?
19
Calculate the remainder when 9549 is divided by 12.
9
Calculate the remainder when 3667 is divided by 193.
0
What is the remainder when 228 is divided by 7?
4
Calculate the remainder when 560 is divided by 47.
43
Calculate the remainder when 1346 is divided by 76.
54
Calculate the remainder when 305 is divided by 103.
99
What is the remainder when 8923 is divided by 113?
109
Calculate the remainder when 1523 is divided by 10.
3
What is the remainder when 185 is divided by 30?
5
Calculate the remainder when 93 is divided by 12.
9
Calculate the remainder when 123 is divided by 58.
7
Calculate the remainder when 536 is divided by 91.
81
Calculate the remainder when 212 is divided by 12.
8
What is the remainder when 607 is divided by 292?
23
Calculate the remainder when 741 is divided by 21.
6
Calculate the remainder when 2628 is divided by 64.
4
Calculate the remainder when 175 is divided by 16.
15
Calculate the remainder when 867 is divided by 145.
142
What is the remainder when 1195 is divided by 52?
51
What is the remainder when 291 is divided by 5?
1
What is the remainder when 159 is divided by 28?
19
What is the remainder when 361 is divided by 77?
53
What is the remainder when 153 is divided by 124?
29
Calculate the remainder when 119 is divided by 43.
33
What is the remainder when 2221 is divided by 740?
1
Calculate the remainder when 718 is divided by 182.
172
Calculate the remainder when 2371 is divided by 1.
0
What is the remainder when 953 is divided by 6?
5
Calculate the remainder when 635 is divided by 9.
5
Calculate the remainder when 2961 is divided by 156.
153
Calculate the remainder when 9294 is divided by 9.
6
What is the remainder when 109 is divided by 23?
17
Calculate the remainder when 7309 is divided by 16.
13
What is the remainder when 712 is divided by 483?
229
Calc